{"id":198,"date":"2023-11-20T15:11:40","date_gmt":"2023-11-20T15:11:40","guid":{"rendered":"https:\/\/solivi.it\/?page_id=198"},"modified":"2023-11-30T08:56:27","modified_gmt":"2023-11-30T08:56:27","slug":"la-storia","status":"publish","type":"page","link":"https:\/\/solivi.it\/index.php\/la-storia\/","title":{"rendered":"La storia"},"content":{"rendered":"\t\t<div data-elementor-type=\"wp-page\" data-elementor-id=\"198\" class=\"elementor elementor-198\" data-elementor-post-type=\"page\">\n\t\t\t\t\t\t\t<div class=\"elementor-element elementor-element-7185b08 e-con-full e-flex e-con e-parent\" data-id=\"7185b08\" data-element_type=\"container\" data-settings=\"{&quot;content_width&quot;:&quot;full&quot;}\" data-core-v316-plus=\"true\">\n\t\t<div class=\"elementor-element elementor-element-0fc0bac e-con-full e-flex e-con e-child\" data-id=\"0fc0bac\" data-element_type=\"container\" data-settings=\"{&quot;content_width&quot;:&quot;full&quot;}\">\n\t\t\t\t<div class=\"elementor-element elementor-element-8300f1f elementor-invisible elementor-widget elementor-widget-heading\" data-id=\"8300f1f\" data-element_type=\"widget\" data-settings=\"{&quot;_animation&quot;:&quot;fadeInRight&quot;}\" data-widget_type=\"heading.default\">\n\t\t\t\t<div class=\"elementor-widget-container\">\n\t\t\t<style>\/*! elementor - v3.17.0 - 01-11-2023 *\/\n.elementor-heading-title{padding:0;margin:0;line-height:1}.elementor-widget-heading .elementor-heading-title[class*=elementor-size-]>a{color:inherit;font-size:inherit;line-height:inherit}.elementor-widget-heading .elementor-heading-title.elementor-size-small{font-size:15px}.elementor-widget-heading .elementor-heading-title.elementor-size-medium{font-size:19px}.elementor-widget-heading .elementor-heading-title.elementor-size-large{font-size:29px}.elementor-widget-heading .elementor-heading-title.elementor-size-xl{font-size:39px}.elementor-widget-heading .elementor-heading-title.elementor-size-xxl{font-size:59px}<\/style><h2 class=\"elementor-heading-title elementor-size-default\">STORIA<\/h2>\t\t<\/div>\n\t\t\t\t<\/div>\n\t\t\t\t<\/div>\n\t\t<div class=\"elementor-element elementor-element-f1fae6f e-con-full e-flex e-con e-child\" data-id=\"f1fae6f\" data-element_type=\"container\" data-settings=\"{&quot;content_width&quot;:&quot;full&quot;}\">\n\t\t\t\t<div class=\"elementor-element elementor-element-849e4de elementor-widget elementor-widget-text-editor\" data-id=\"849e4de\" data-element_type=\"widget\" data-widget_type=\"text-editor.default\">\n\t\t\t\t<div class=\"elementor-widget-container\">\n\t\t\t<style>\/*! elementor - v3.17.0 - 01-11-2023 *\/\n.elementor-widget-text-editor.elementor-drop-cap-view-stacked .elementor-drop-cap{background-color:#69727d;color:#fff}.elementor-widget-text-editor.elementor-drop-cap-view-framed .elementor-drop-cap{color:#69727d;border:3px solid;background-color:transparent}.elementor-widget-text-editor:not(.elementor-drop-cap-view-default) .elementor-drop-cap{margin-top:8px}.elementor-widget-text-editor:not(.elementor-drop-cap-view-default) .elementor-drop-cap-letter{width:1em;height:1em}.elementor-widget-text-editor .elementor-drop-cap{float:left;text-align:center;line-height:1;font-size:50px}.elementor-widget-text-editor .elementor-drop-cap-letter{display:inline-block}<\/style>\t\t\t\t<p dir=\"auto\">L&#8217;azienda agricola Vettoretti Angelo ha radici profonde che risalgono agli inizi del XX secolo, quando Giovanni, il padre di Angelo, coltivava con passione la vite e vinificava nel luogo dove oggi sorge la nostra cantina. \u00c8 da l\u00ec che nasce la tradizione vitivinicola che ancora oggi ci guida con orgoglio.<\/p><p dir=\"auto\">La famiglia Vettoretti ha una storia legata al commercio del vino per il regno asburgico e alla propriet\u00e0 di estese terre. I genitori e i nonni di Giovanni erano rinomati commercianti di vino, e la loro influenza si fa ancora sentire nel nostro patrimonio familiare. Un esempio tangibile di questa eredit\u00e0 \u00e8 rappresentato dalla divisione di una delle cinque colline del Cartizze tra tutti gli eredi Vettoretti, una testimonianza del legame profondo che la nostra famiglia ha con questa terra.<\/p><p dir=\"auto\">\u00c8 nel 1973 che Angelo Vettoretti, allora ventunenne, fonda ufficialmente l&#8217;azienda agricola che porta il suo nome. Guidato dalla passione e dalla determinazione, Angelo ha portato avanti la tradizione familiare, dedicandosi con impegno alla coltivazione della vite e alla produzione di vini di alta qualit\u00e0. La sua visione e la sua dedizione hanno contribuito a far crescere l&#8217;azienda nel corso degli anni, consolidando la nostra reputazione come eccellenza nel settore.<\/p><p dir=\"auto\">Oggi, Angelo \u00e8 affiancato dalla moglie Elisa e dal figlio Luca, che rappresentano la quinta generazione della famiglia Vettoretti. Insieme, condividono la passione per la viticoltura e il desiderio di preservare le tradizioni secolari, combinandole con un approccio innovativo e sostenibile. Questo connubio tra passato e futuro si riflette nella cura dei nostri vigneti, nella selezione delle uve e nelle tecniche di vinificazione che adottiamo.<\/p><p dir=\"auto\">La nostra storia \u00e8 fatta di sacrifici, di dedizione e di amore per la terra. Siamo grati per il patrimonio che ci \u00e8 stato trasmesso e ci impegniamo a preservarlo per le generazioni future. La nostra cantina \u00e8 un luogo in cui la tradizione e l&#8217;innovazione si incontrano, dove l&#8217;esperienza e la conoscenza si fondono per creare vini che raccontano la storia del nostro territorio e della nostra famiglia.<\/p><p dir=\"auto\">Guardando al futuro, continueremo a coltivare la nostra passione per la viticoltura, ad abbracciare le sfide che la natura ci presenta e a cercare sempre nuovi modi per migliorare. Siamo fieri di portare avanti l&#8217;eredit\u00e0 dei nostri antenati e di condividere con voi i frutti del nostro lavoro: vini di alta qualit\u00e0 che rappresentano l&#8217;autentica espressione del nostro territorio e della nostra storia.<\/p>\t\t\t\t\t\t<\/div>\n\t\t\t\t<\/div>\n\t\t\t\t<\/div>\n\t\t\t\t<\/div>\n\t\t\t\t\t\t\t<\/div>\n\t\t","protected":false},"excerpt":{"rendered":"<p>STORIA L&#8217;azienda agricola Vettoretti Angelo ha radici profonde che risalgono agli inizi del XX secolo, quando Giovanni, il padre di Angelo, coltivava con passione la vite e vinificava nel luogo dove oggi sorge la nostra cantina. \u00c8 da l\u00ec che nasce la tradizione vitivinicola che ancora oggi ci guida con orgoglio. La famiglia Vettoretti ha [&hellip;]<\/p>\n","protected":false},"author":1,"featured_media":0,"parent":0,"menu_order":0,"comment_status":"closed","ping_status":"closed","template":"elementor_header_footer","meta":{"footnotes":""},"class_list":["post-198","page","type-page","status-publish","hentry"],"_links":{"self":[{"href":"https:\/\/solivi.it\/index.php\/wp-json\/wp\/v2\/pages\/198","targetHints":{"allow":["GET"]}}],"collection":[{"href":"https:\/\/solivi.it\/index.php\/wp-json\/wp\/v2\/pages"}],"about":[{"href":"https:\/\/solivi.it\/index.php\/wp-json\/wp\/v2\/types\/page"}],"author":[{"embeddable":true,"href":"https:\/\/solivi.it\/index.php\/wp-json\/wp\/v2\/users\/1"}],"replies":[{"embeddable":true,"href":"https:\/\/solivi.it\/index.php\/wp-json\/wp\/v2\/comments?post=198"}],"version-history":[{"count":10,"href":"https:\/\/solivi.it\/index.php\/wp-json\/wp\/v2\/pages\/198\/revisions"}],"predecessor-version":[{"id":370,"href":"https:\/\/solivi.it\/index.php\/wp-json\/wp\/v2\/pages\/198\/revisions\/370"}],"wp:attachment":[{"href":"https:\/\/solivi.it\/index.php\/wp-json\/wp\/v2\/media?parent=198"}],"curies":[{"name":"wp","href":"https:\/\/api.w.org\/{rel}","templated":true}]}}